{"id":76,"date":"2020-04-28T15:59:35","date_gmt":"2020-04-28T13:59:35","guid":{"rendered":"http:\/\/ixajhje.cluster028.hosting.ovh.net\/?page_id=76"},"modified":"2023-08-20T16:55:47","modified_gmt":"2023-08-20T14:55:47","slug":"les-prochains-stages","status":"publish","type":"page","link":"https:\/\/www.salsa-grenoble.fr\/index.php\/les-prochains-stages\/","title":{"rendered":"Prochains stages"},"content":{"rendered":"\n<figure class=\"wp-block-image size-large\"><img loading=\"lazy\" decoding=\"async\" width=\"800\" height=\"454\" src=\"http:\/\/ixajhje.cluster028.hosting.ovh.net\/wp-content\/uploads\/2020\/04\/Rythme-style2.jpg\" alt=\"\" class=\"wp-image-132\" srcset=\"https:\/\/www.salsa-grenoble.fr\/wp-content\/uploads\/2020\/04\/Rythme-style2.jpg 800w, https:\/\/www.salsa-grenoble.fr\/wp-content\/uploads\/2020\/04\/Rythme-style2-300x170.jpg 300w, https:\/\/www.salsa-grenoble.fr\/wp-content\/uploads\/2020\/04\/Rythme-style2-768x436.jpg 768w, https:\/\/www.salsa-grenoble.fr\/wp-content\/uploads\/2020\/04\/Rythme-style2-476x270.jpg 476w\" sizes=\"auto, (max-width: 800px) 100vw, 800px\" \/><\/figure>\n\n\n\n<hr class=\"wp-block-separator\"\/>\n\n\n\n<p><strong><span class=\"has-inline-color has-vivid-red-color\"><strong>Comment se passe l&rsquo;inscription aux stages ? <\/strong><\/span><\/strong><br><br>Si vous souhaitez venir r\u00e9guli\u00e8rement \u00e0 nos stages, envoyez un <strong>sms \u00e0 Foudil au 06 20 26 83 45 <\/strong>pour faire parti d&rsquo;un groupe* What&rsquo;s app. <br>Il faut que l&rsquo;application \u00ab\u00a0What&rsquo;s app\u00a0\u00bb soit install\u00e9 sur votre t\u00e9l\u00e9phone.<br>Ensuite vous serez pr\u00e9venu sur votre t\u00e9l\u00e9phone via \u00ab\u00a0What&rsquo;s app\u00a0\u00bb<br><br><strong><span class=\"has-inline-color has-vivid-red-color\">Dans votre SMS indiquez : <\/span><\/strong><br><strong>NOM \/ PRENOM \/ CHOIX DU GROUPE <\/strong><\/p>\n\n\n\n<p><strong>Voici les *groupes au choix :<\/strong><br><span class=\"has-inline-color has-vivid-red-color\">Kizomba d\u00e9butant<br>Kizomba interm\u00e9diaire<br><br>Salsa cubaine d\u00e9butant<br>Salsa cubaine interm\u00e9diaire<\/span><br><span class=\"has-inline-color has-vivid-red-color\">Rueda de casino interm\u00e9diaire<\/span><br><span class=\"has-inline-color has-vivid-red-color\">Style femmes en salsa cubaine<\/span><br><span class=\"has-inline-color has-vivid-red-color\">Style hommes en salsa cubaine<br>La rythmique en salsa<br><br>Bachata d\u00e9butant<br>Bachata interm\u00e9diaire<\/span><br><br><span class=\"has-inline-color has-vivid-red-color\">Rythme et style tous niveaux<\/span><br><br>Gr\u00e2ce \u00e0 l&rsquo;application, vous recevrez sur votre t\u00e9l\u00e9phone la prochaine date de stage et vous pourrez vous inscrire en ligne.  <br>Le stage ne se fera que si il est \u00e9quilibr\u00e9 et si il y a un minimum de participant. <br><br><strong>Lieu <\/strong>: 10 rue Amp\u00e8re \u00e0 Grenoble <\/p>\n\n\n\n<div class=\"wp-block-group\"><div class=\"wp-block-group__inner-container is-layout-flow wp-block-group-is-layout-flow\">\n<div class=\"wp-block-group\"><div class=\"wp-block-group__inner-container is-layout-flow wp-block-group-is-layout-flow\">\n<div class=\"wp-block-group is-layout-flow wp-block-group-is-layout-flow\"><div class=\"wp-block-group__inner-container\"><\/div><\/div>\n<\/div><\/div>\n<\/div><\/div>\n\n\n\n<p><\/p>\n\n\n\n<p style=\"background-color:#d62828\" class=\"has-background has-text-align-center\"><strong><span class=\"has-inline-color has-very-light-gray-color\">La Kizomba et la Bachata avec Foudil <br><\/span><\/strong><\/p>\n\n\n\n<hr class=\"wp-block-separator\"\/>\n\n\n\n<p style=\"background-color:#d62828\" class=\"has-background has-text-align-center\"><strong><span class=\"has-inline-color has-very-light-gray-color\">Les stages\u00a0\u00bbRythme et style\u00a0\u00bb<br><\/span><\/strong><\/p>\n\n\n\n<figure class=\"wp-block-image size-large is-style-default\"><img loading=\"lazy\" decoding=\"async\" width=\"643\" height=\"361\" src=\"https:\/\/www.salsa-grenoble.fr\/wp-content\/uploads\/2021\/09\/Stage-SG4.jpg\" alt=\"\" class=\"wp-image-722\" srcset=\"https:\/\/www.salsa-grenoble.fr\/wp-content\/uploads\/2021\/09\/Stage-SG4.jpg 643w, https:\/\/www.salsa-grenoble.fr\/wp-content\/uploads\/2021\/09\/Stage-SG4-300x168.jpg 300w, https:\/\/www.salsa-grenoble.fr\/wp-content\/uploads\/2021\/09\/Stage-SG4-481x270.jpg 481w\" sizes=\"auto, (max-width: 643px) 100vw, 643px\" \/><\/figure>\n\n\n\n<p><strong><span class=\"has-inline-color has-vivid-red-color\"><strong>Stage \u00ab\u00a0Rythmes et styles \u00ab\u00a0<\/strong><\/span><\/strong>  : <br><strong>Niveau requis<\/strong> : Tous niveaux<br><strong>Date <\/strong>: Consulter la page d&rsquo;accueil du site <br><strong>Heure <\/strong>: 10h45 -12h00<br><strong>Tarif <\/strong>: 10 euros par personne<br><strong>Programme <\/strong>:  <br>Remise en forme, expression corporelle, travail des appuis, travail bras-buste-bassin. <br>Toujours en musique sur de la salsa, reggaeton, bachata, kizomba. <br>Ce stage vous permettra de d\u00e9velopper votre style en allant piocher dans la rumba, les orishas \u00e9galement. <br><br>Venez en tenue de sport, basket, serviette, bouteille d&rsquo;eau \u00e7a va bouger.<br><strong>Le stage est confirm\u00e9, venez directement.<\/strong><br><\/p>\n\n\n\n<p><\/p>\n\n\n\n<hr class=\"wp-block-separator\"\/>\n\n\n\n<p><\/p>\n\n\n\n<hr class=\"wp-block-separator\"\/>\n\n\n\n<p><strong>Lieu des stages<\/strong> : Salsa Grenoble, 10 rue Amp\u00e8re \u00e0 Grenoble<br>Venir 10 min avant, r\u00e8glement sur place (esp\u00e8ce, CB)<\/p>\n","protected":false},"excerpt":{"rendered":"<p>Comment se passe l&rsquo;inscription aux stages ? Si vous souhaitez venir r\u00e9guli\u00e8rement \u00e0 nos stages, envoyez un sms \u00e0 Foudil au 06 20 26 83 45 pour faire parti d&rsquo;un groupe* What&rsquo;s app. Il faut que l&rsquo;application \u00ab\u00a0What&rsquo;s app\u00a0\u00bb soit install\u00e9 sur votre t\u00e9l\u00e9phone.Ensuite vous serez pr\u00e9venu sur votre t\u00e9l\u00e9phone via \u00ab\u00a0What&rsquo;s app\u00a0\u00bb Dans votre SMS indiquez : NOM \/ PRENOM \/ CHOIX DU GROUPE Voici les *groupes au choix :Kizomba d\u00e9butantKizomba interm\u00e9diaire Salsa cubaine d\u00e9butantSalsa cubaine interm\u00e9diaireRueda de casino&#8230;<\/p>\n<p class=\"read-more\"><a class=\"btn btn-default\" href=\"https:\/\/www.salsa-grenoble.fr\/index.php\/les-prochains-stages\/\">Lire la suite<span class=\"screen-reader-text\"> Lire la suite<\/span><\/a><\/p>\n","protected":false},"author":1,"featured_media":0,"parent":0,"menu_order":0,"comment_status":"closed","ping_status":"closed","template":"","meta":{"_bbp_topic_count":0,"_bbp_reply_count":0,"_bbp_total_topic_count":0,"_bbp_total_reply_count":0,"_bbp_voice_count":0,"_bbp_anonymous_reply_count":0,"_bbp_topic_count_hidden":0,"_bbp_reply_count_hidden":0,"_bbp_forum_subforum_count":0,"footnotes":""},"class_list":["post-76","page","type-page","status-publish","hentry"],"yoast_head":"<!-- This site is optimized with the Yoast SEO plugin v25.8 - https:\/\/yoast.com\/wordpress\/plugins\/seo\/ -->\n<title>Prochains stages - Salsa Grenoble<\/title>\n<meta name=\"description\" content=\"Stage de danse avec Salsa Grenoble\" \/>\n<meta name=\"robots\" content=\"index, follow, max-snippet:-1, max-image-preview:large, max-video-preview:-1\" \/>\n<link rel=\"canonical\" href=\"https:\/\/www.salsa-grenoble.fr\/index.php\/les-prochains-stages\/\" \/>\n<meta property=\"og:locale\" content=\"fr_FR\" \/>\n<meta property=\"og:type\" content=\"article\" \/>\n<meta property=\"og:title\" content=\"Prochains stages - Salsa Grenoble\" \/>\n<meta property=\"og:description\" content=\"Stage de danse avec Salsa Grenoble\" \/>\n<meta property=\"og:url\" content=\"https:\/\/www.salsa-grenoble.fr\/index.php\/les-prochains-stages\/\" \/>\n<meta property=\"og:site_name\" content=\"Salsa Grenoble\" \/>\n<meta property=\"article:publisher\" content=\"https:\/\/www.facebook.com\/groups\/48137432717\/\" \/>\n<meta property=\"article:modified_time\" content=\"2023-08-20T14:55:47+00:00\" \/>\n<meta property=\"og:image\" content=\"http:\/\/ixajhje.cluster028.hosting.ovh.net\/wp-content\/uploads\/2020\/04\/Rythme-style2.jpg\" \/>\n<meta name=\"twitter:card\" content=\"summary_large_image\" \/>\n<meta name=\"twitter:label1\" content=\"Dur\u00e9e de lecture estim\u00e9e\" \/>\n\t<meta name=\"twitter:data1\" content=\"1 minute\" \/>\n<script type=\"application\/ld+json\" class=\"yoast-schema-graph\">{\"@context\":\"https:\/\/schema.org\",\"@graph\":[{\"@type\":\"WebPage\",\"@id\":\"https:\/\/www.salsa-grenoble.fr\/index.php\/les-prochains-stages\/\",\"url\":\"https:\/\/www.salsa-grenoble.fr\/index.php\/les-prochains-stages\/\",\"name\":\"Prochains stages - Salsa Grenoble\",\"isPartOf\":{\"@id\":\"https:\/\/www.salsa-grenoble.fr\/#website\"},\"primaryImageOfPage\":{\"@id\":\"https:\/\/www.salsa-grenoble.fr\/index.php\/les-prochains-stages\/#primaryimage\"},\"image\":{\"@id\":\"https:\/\/www.salsa-grenoble.fr\/index.php\/les-prochains-stages\/#primaryimage\"},\"thumbnailUrl\":\"http:\/\/ixajhje.cluster028.hosting.ovh.net\/wp-content\/uploads\/2020\/04\/Rythme-style2.jpg\",\"datePublished\":\"2020-04-28T13:59:35+00:00\",\"dateModified\":\"2023-08-20T14:55:47+00:00\",\"description\":\"Stage de danse avec Salsa Grenoble\",\"breadcrumb\":{\"@id\":\"https:\/\/www.salsa-grenoble.fr\/index.php\/les-prochains-stages\/#breadcrumb\"},\"inLanguage\":\"fr-FR\",\"potentialAction\":[{\"@type\":\"ReadAction\",\"target\":[\"https:\/\/www.salsa-grenoble.fr\/index.php\/les-prochains-stages\/\"]}]},{\"@type\":\"ImageObject\",\"inLanguage\":\"fr-FR\",\"@id\":\"https:\/\/www.salsa-grenoble.fr\/index.php\/les-prochains-stages\/#primaryimage\",\"url\":\"http:\/\/ixajhje.cluster028.hosting.ovh.net\/wp-content\/uploads\/2020\/04\/Rythme-style2.jpg\",\"contentUrl\":\"http:\/\/ixajhje.cluster028.hosting.ovh.net\/wp-content\/uploads\/2020\/04\/Rythme-style2.jpg\"},{\"@type\":\"BreadcrumbList\",\"@id\":\"https:\/\/www.salsa-grenoble.fr\/index.php\/les-prochains-stages\/#breadcrumb\",\"itemListElement\":[{\"@type\":\"ListItem\",\"position\":1,\"name\":\"Accueil\",\"item\":\"https:\/\/www.salsa-grenoble.fr\/\"},{\"@type\":\"ListItem\",\"position\":2,\"name\":\"Prochains stages\"}]},{\"@type\":\"WebSite\",\"@id\":\"https:\/\/www.salsa-grenoble.fr\/#website\",\"url\":\"https:\/\/www.salsa-grenoble.fr\/\",\"name\":\"Salsa Grenoble\",\"description\":\"Votre \u00e9cole de salsa cubaine \u00e0 Grenoble\",\"publisher\":{\"@id\":\"https:\/\/www.salsa-grenoble.fr\/#organization\"},\"potentialAction\":[{\"@type\":\"SearchAction\",\"target\":{\"@type\":\"EntryPoint\",\"urlTemplate\":\"https:\/\/www.salsa-grenoble.fr\/?s={search_term_string}\"},\"query-input\":{\"@type\":\"PropertyValueSpecification\",\"valueRequired\":true,\"valueName\":\"search_term_string\"}}],\"inLanguage\":\"fr-FR\"},{\"@type\":\"Organization\",\"@id\":\"https:\/\/www.salsa-grenoble.fr\/#organization\",\"name\":\"ecole de danse Salsa Grenoble\",\"url\":\"https:\/\/www.salsa-grenoble.fr\/\",\"logo\":{\"@type\":\"ImageObject\",\"inLanguage\":\"fr-FR\",\"@id\":\"https:\/\/www.salsa-grenoble.fr\/#\/schema\/logo\/image\/\",\"url\":\"https:\/\/www.salsa-grenoble.fr\/wp-content\/uploads\/2020\/04\/salsa-gre-presentation2.png\",\"contentUrl\":\"https:\/\/www.salsa-grenoble.fr\/wp-content\/uploads\/2020\/04\/salsa-gre-presentation2.png\",\"width\":820,\"height\":220,\"caption\":\"ecole de danse Salsa Grenoble\"},\"image\":{\"@id\":\"https:\/\/www.salsa-grenoble.fr\/#\/schema\/logo\/image\/\"},\"sameAs\":[\"https:\/\/www.facebook.com\/groups\/48137432717\/\",\"https:\/\/www.youtube.com\/channel\/UCZTDZZxtrEhODW5fUUtoRPQ\"]}]}<\/script>\n<!-- \/ Yoast SEO plugin. -->","yoast_head_json":{"title":"Prochains stages - Salsa Grenoble","description":"Stage de danse avec Salsa Grenoble","robots":{"index":"index","follow":"follow","max-snippet":"max-snippet:-1","max-image-preview":"max-image-preview:large","max-video-preview":"max-video-preview:-1"},"canonical":"https:\/\/www.salsa-grenoble.fr\/index.php\/les-prochains-stages\/","og_locale":"fr_FR","og_type":"article","og_title":"Prochains stages - Salsa Grenoble","og_description":"Stage de danse avec Salsa Grenoble","og_url":"https:\/\/www.salsa-grenoble.fr\/index.php\/les-prochains-stages\/","og_site_name":"Salsa Grenoble","article_publisher":"https:\/\/www.facebook.com\/groups\/48137432717\/","article_modified_time":"2023-08-20T14:55:47+00:00","og_image":[{"url":"http:\/\/ixajhje.cluster028.hosting.ovh.net\/wp-content\/uploads\/2020\/04\/Rythme-style2.jpg","type":"","width":"","height":""}],"twitter_card":"summary_large_image","twitter_misc":{"Dur\u00e9e de lecture estim\u00e9e":"1 minute"},"schema":{"@context":"https:\/\/schema.org","@graph":[{"@type":"WebPage","@id":"https:\/\/www.salsa-grenoble.fr\/index.php\/les-prochains-stages\/","url":"https:\/\/www.salsa-grenoble.fr\/index.php\/les-prochains-stages\/","name":"Prochains stages - Salsa Grenoble","isPartOf":{"@id":"https:\/\/www.salsa-grenoble.fr\/#website"},"primaryImageOfPage":{"@id":"https:\/\/www.salsa-grenoble.fr\/index.php\/les-prochains-stages\/#primaryimage"},"image":{"@id":"https:\/\/www.salsa-grenoble.fr\/index.php\/les-prochains-stages\/#primaryimage"},"thumbnailUrl":"http:\/\/ixajhje.cluster028.hosting.ovh.net\/wp-content\/uploads\/2020\/04\/Rythme-style2.jpg","datePublished":"2020-04-28T13:59:35+00:00","dateModified":"2023-08-20T14:55:47+00:00","description":"Stage de danse avec Salsa Grenoble","breadcrumb":{"@id":"https:\/\/www.salsa-grenoble.fr\/index.php\/les-prochains-stages\/#breadcrumb"},"inLanguage":"fr-FR","potentialAction":[{"@type":"ReadAction","target":["https:\/\/www.salsa-grenoble.fr\/index.php\/les-prochains-stages\/"]}]},{"@type":"ImageObject","inLanguage":"fr-FR","@id":"https:\/\/www.salsa-grenoble.fr\/index.php\/les-prochains-stages\/#primaryimage","url":"http:\/\/ixajhje.cluster028.hosting.ovh.net\/wp-content\/uploads\/2020\/04\/Rythme-style2.jpg","contentUrl":"http:\/\/ixajhje.cluster028.hosting.ovh.net\/wp-content\/uploads\/2020\/04\/Rythme-style2.jpg"},{"@type":"BreadcrumbList","@id":"https:\/\/www.salsa-grenoble.fr\/index.php\/les-prochains-stages\/#breadcrumb","itemListElement":[{"@type":"ListItem","position":1,"name":"Accueil","item":"https:\/\/www.salsa-grenoble.fr\/"},{"@type":"ListItem","position":2,"name":"Prochains stages"}]},{"@type":"WebSite","@id":"https:\/\/www.salsa-grenoble.fr\/#website","url":"https:\/\/www.salsa-grenoble.fr\/","name":"Salsa Grenoble","description":"Votre \u00e9cole de salsa cubaine \u00e0 Grenoble","publisher":{"@id":"https:\/\/www.salsa-grenoble.fr\/#organization"},"potentialAction":[{"@type":"SearchAction","target":{"@type":"EntryPoint","urlTemplate":"https:\/\/www.salsa-grenoble.fr\/?s={search_term_string}"},"query-input":{"@type":"PropertyValueSpecification","valueRequired":true,"valueName":"search_term_string"}}],"inLanguage":"fr-FR"},{"@type":"Organization","@id":"https:\/\/www.salsa-grenoble.fr\/#organization","name":"ecole de danse Salsa Grenoble","url":"https:\/\/www.salsa-grenoble.fr\/","logo":{"@type":"ImageObject","inLanguage":"fr-FR","@id":"https:\/\/www.salsa-grenoble.fr\/#\/schema\/logo\/image\/","url":"https:\/\/www.salsa-grenoble.fr\/wp-content\/uploads\/2020\/04\/salsa-gre-presentation2.png","contentUrl":"https:\/\/www.salsa-grenoble.fr\/wp-content\/uploads\/2020\/04\/salsa-gre-presentation2.png","width":820,"height":220,"caption":"ecole de danse Salsa Grenoble"},"image":{"@id":"https:\/\/www.salsa-grenoble.fr\/#\/schema\/logo\/image\/"},"sameAs":["https:\/\/www.facebook.com\/groups\/48137432717\/","https:\/\/www.youtube.com\/channel\/UCZTDZZxtrEhODW5fUUtoRPQ"]}]}},"_links":{"self":[{"href":"https:\/\/www.salsa-grenoble.fr\/index.php\/wp-json\/wp\/v2\/pages\/76","targetHints":{"allow":["GET"]}}],"collection":[{"href":"https:\/\/www.salsa-grenoble.fr\/index.php\/wp-json\/wp\/v2\/pages"}],"about":[{"href":"https:\/\/www.salsa-grenoble.fr\/index.php\/wp-json\/wp\/v2\/types\/page"}],"author":[{"embeddable":true,"href":"https:\/\/www.salsa-grenoble.fr\/index.php\/wp-json\/wp\/v2\/users\/1"}],"replies":[{"embeddable":true,"href":"https:\/\/www.salsa-grenoble.fr\/index.php\/wp-json\/wp\/v2\/comments?post=76"}],"version-history":[{"count":71,"href":"https:\/\/www.salsa-grenoble.fr\/index.php\/wp-json\/wp\/v2\/pages\/76\/revisions"}],"predecessor-version":[{"id":1020,"href":"https:\/\/www.salsa-grenoble.fr\/index.php\/wp-json\/wp\/v2\/pages\/76\/revisions\/1020"}],"wp:attachment":[{"href":"https:\/\/www.salsa-grenoble.fr\/index.php\/wp-json\/wp\/v2\/media?parent=76"}],"curies":[{"name":"wp","href":"https:\/\/api.w.org\/{rel}","templated":true}]}}